{"id":13077,"date":"2019-06-19T16:20:37","date_gmt":"2019-06-19T14:20:37","guid":{"rendered":"https:\/\/www.bachletten-holbein.ch\/?page_id=13077"},"modified":"2022-11-24T16:27:11","modified_gmt":"2022-11-24T15:27:11","slug":"buecherkabine-2","status":"publish","type":"page","link":"https:\/\/www.bachletten-holbein.ch\/?page_id=13077","title":{"rendered":"B\u00fccherkabine"},"content":{"rendered":"<h1><strong>B\u00fccherkabine am Bundesplatz, ein Kleinod im Quartier!<\/strong><\/h1>\n<p>Entdecken Sie in der B\u00fccherkabine Romane, Biografien, Krimis, Erz\u00e4hlungen, Fantasy, Jugend- und Kinderb\u00fccher.<\/p>\n<h4><strong>Hinweise zur Ben\u00fctzung der B\u00fccherkabine am Bundesplatz<\/strong><\/h4>\n<p>\u00a0<\/p>\n<p><img loading=\"lazy\" decoding=\"async\" class=\"wp-image-16338 aligncenter\" src=\"https:\/\/www.bachletten-holbein.ch\/wp-content\/uploads\/2021\/12\/grafik-300x110.png\" alt=\"\" width=\"464\" height=\"170\" srcset=\"https:\/\/www.bachletten-holbein.ch\/wp-content\/uploads\/2021\/12\/grafik-300x110.png 300w, https:\/\/www.bachletten-holbein.ch\/wp-content\/uploads\/2021\/12\/grafik-768x282.png 768w, https:\/\/www.bachletten-holbein.ch\/wp-content\/uploads\/2021\/12\/grafik.png 1156w\" sizes=\"auto, (max-width: 464px) 100vw, 464px\" \/><\/p>\n<p>Sie d\u00fcrfen zwei bis drei B\u00fccher gratis mitnehmen und ohne Zeitdruck lesen. Diese k\u00f6nnen, m\u00fcssen aber nicht zur\u00fcckgebracht werden. Doch das Mitnehmen von mehr als 5 B\u00fcchern ist nicht erlaubt. Sie d\u00fcrfen die B\u00fccher auch nicht verkaufen.<\/p>\n<p>Ein Team von Freiwilligen aus dem Quartier betreut und kontrolliert die B\u00fccher der Kabine.<\/p>\n<p>Damit das mit m\u00f6glichst wenig Aufwand m\u00f6glich ist, bitten wir Sie folgendes zu beachten:<\/p>\n<p><strong>\u00a0<\/strong><strong>Bitte bringen Sie <\/strong><\/p>\n<ul>\n<li>B\u00fccher, die Sie selber gut finden,<\/li>\n<li>nur B\u00fccher in gutem und sauberem Zustand,<\/li>\n<li>B\u00fccher auch in anderen Sprachen,<\/li>\n<li>Deponieren Sie B\u00fccher nur, wenn es ausreichend Platz hat.<\/li>\n<\/ul>\n<p><strong>Die B\u00fccherkabine m\u00f6chte keine <\/strong><\/p>\n<ul>\n<li>Fachb\u00fccher, Lexika, Schulb\u00fccher, Kochb\u00fccher, alte Reisef\u00fchrer, Zeitschriften, Gesinnungs- und Aufkl\u00e4rungsliteratur<\/li>\n<li>Foto- Kunstb\u00e4nde, Werbematerial<\/li>\n<li>CDs, DVD, Video, Schallplatten<\/li>\n<\/ul>\n<h3>\u00a0<\/h3>\n<p><img loading=\"lazy\" decoding=\"async\" class=\" wp-image-16456 alignleft\" src=\"https:\/\/www.bachletten-holbein.ch\/wp-content\/uploads\/2022\/02\/ri_3-221x300.png\" alt=\"\" width=\"298\" height=\"405\" srcset=\"https:\/\/www.bachletten-holbein.ch\/wp-content\/uploads\/2022\/02\/ri_3-221x300.png 221w, https:\/\/www.bachletten-holbein.ch\/wp-content\/uploads\/2022\/02\/ri_3.png 466w\" sizes=\"auto, (max-width: 298px) 100vw, 298px\" \/><\/p>\n<p>Die B\u00fccherkabine dient nicht als Antiquariat noch als Entsorgungsstelle und auch nicht f\u00fcr Personen welche mit B\u00fcchern handeln.<br \/>Sollten Sie eine gr\u00f6ssere Anzahl B\u00fccher abzugeben haben, welche nicht in die B\u00fccherkabine passen, oder CDs, DVD, Schallplatten, holt sie \u201ePackpick\u201c auf Anfrage zur Wiederverwertung (upcycling) gerne ab:<\/p>\n<p>Claudia Marioni, Tel: 078 779 91 20<\/p>\n<p>\u00a0<\/p>\n<p>\u00a0<\/p>\n<p>\u00a0<\/p>\n<p>\u00a0<\/p>\n<p>\u00a0<\/p>\n<p>\u00a0<\/p>\n<p>\u00a0<\/p>\n<p><strong>\u00d6ffnungszeiten<\/strong><br \/>T\u00e4glich, von 7. 00 \u2013 21.00 Uhr<\/p>\n<p><strong>Kontakt<\/strong><br \/>E-Mail: <span style=\"color: #99cc00;\"><strong><a style=\"color: #99cc00;\" href=\"mailto:buecherambundesplatz@gmail.com\" target=\"_blank\" rel=\"noreferrer noopener\">B\u00fccherkabine<\/a><\/strong><\/span><\/p>\n<figure class=\"wp-block-table\">\n<table>\n<tbody>\n<tr>\n<td>Johanna Gloor B\u00e4r<\/td>\n<td>Madeleine Grolimund<\/td>\n<td>Peter Fankhauser<\/td>\n<\/tr>\n<tr>\n<td>078 867 01 64<\/td>\n<td>076 450 28 02<\/td>\n<td>061 721 30 23<\/td>\n<\/tr>\n<\/tbody>\n<\/table>\n<\/figure>\n<p><span style=\"font-family: Arial, serif;\"><img loading=\"lazy\" decoding=\"async\" class=\"alignnone wp-image-16745\" src=\"https:\/\/www.bachletten-holbein.ch\/wp-content\/uploads\/2022\/09\/Instagram_Glyph_Gradient_RGB-300x300.png\" alt=\"\" width=\"62\" height=\"62\" srcset=\"https:\/\/www.bachletten-holbein.ch\/wp-content\/uploads\/2022\/09\/Instagram_Glyph_Gradient_RGB-300x300.png 300w, https:\/\/www.bachletten-holbein.ch\/wp-content\/uploads\/2022\/09\/Instagram_Glyph_Gradient_RGB-600x600.png 600w, https:\/\/www.bachletten-holbein.ch\/wp-content\/uploads\/2022\/09\/Instagram_Glyph_Gradient_RGB-150x150.png 150w, https:\/\/www.bachletten-holbein.ch\/wp-content\/uploads\/2022\/09\/Instagram_Glyph_Gradient_RGB-768x768.png 768w, https:\/\/www.bachletten-holbein.ch\/wp-content\/uploads\/2022\/09\/Instagram_Glyph_Gradient_RGB-85x85.png 85w, https:\/\/www.bachletten-holbein.ch\/wp-content\/uploads\/2022\/09\/Instagram_Glyph_Gradient_RGB-500x500.png 500w, https:\/\/www.bachletten-holbein.ch\/wp-content\/uploads\/2022\/09\/Instagram_Glyph_Gradient_RGB-400x400.png 400w, https:\/\/www.bachletten-holbein.ch\/wp-content\/uploads\/2022\/09\/Instagram_Glyph_Gradient_RGB.png 1000w\" sizes=\"auto, (max-width: 62px) 100vw, 62px\" \/><\/span><\/p>\n<p>Die B\u00fccherkabine ist auch Instagram. Wir freuen uns darauf, unser neues Profil mit vielen Bildern und Eindr\u00fccken zu f\u00fcllen.<br \/>Folgen Sie uns auf: <strong><span style=\"color: #99cc00;\">buecherkabine_bundesplatz<\/span><\/strong><\/p>\n<p>\u00a0<\/p>\n<p>September 2022\/gro<\/p>\n<hr \/>\n<p>\u00a0<\/p>\n<h2 style=\"text-align: center;\">Chronik<\/h2>\n<p>[vc_masonry_grid post_type=&#8220;post&#8220; max_items=&#8220;-1&#8243; grid_id=&#8220;vc_gid:1645280793553-ccf23cb4ee6e3a2be3cbfa62789aeda4-8&#8243; taxonomies=&#8220;102&#8243;][vc_column_text][\/vc_column_text]<\/p>\n\n\n<p>&nbsp;<\/p>\n","protected":false},"excerpt":{"rendered":"<p>B\u00fccherkabine am Bundesplatz, ein Kleinod im Quartier! Entdecken Sie in der B\u00fccherkabine Romane, Biografien, Krimis, Erz\u00e4hlungen, Fantasy, Jugend- und Kinderb\u00fccher. Hinweise zur Ben\u00fctzung der B\u00fccherkabine am Bundesplatz \u00a0 Sie d\u00fcrfen zwei bis drei B\u00fccher gratis mitnehmen und ohne Zeitdruck lesen. Diese k\u00f6nnen, m\u00fcssen aber nicht zur\u00fcckgebracht werden. Doch das Mitnehmen von mehr als 5 B\u00fcchern ist nicht erlaubt. Sie d\u00fcrfen&#8230;<\/p>\n","protected":false},"author":2,"featured_media":0,"parent":0,"menu_order":0,"comment_status":"closed","ping_status":"closed","template":"","meta":{"footnotes":""},"class_list":["post-13077","page","type-page","status-publish","hentry"],"_links":{"self":[{"href":"https:\/\/www.bachletten-holbein.ch\/index.php?rest_route=\/wp\/v2\/pages\/13077","targetHints":{"allow":["GET"]}}],"collection":[{"href":"https:\/\/www.bachletten-holbein.ch\/index.php?rest_route=\/wp\/v2\/pages"}],"about":[{"href":"https:\/\/www.bachletten-holbein.ch\/index.php?rest_route=\/wp\/v2\/types\/page"}],"author":[{"embeddable":true,"href":"https:\/\/www.bachletten-holbein.ch\/index.php?rest_route=\/wp\/v2\/users\/2"}],"replies":[{"embeddable":true,"href":"https:\/\/www.bachletten-holbein.ch\/index.php?rest_route=%2Fwp%2Fv2%2Fcomments&post=13077"}],"version-history":[{"count":101,"href":"https:\/\/www.bachletten-holbein.ch\/index.php?rest_route=\/wp\/v2\/pages\/13077\/revisions"}],"predecessor-version":[{"id":17284,"href":"https:\/\/www.bachletten-holbein.ch\/index.php?rest_route=\/wp\/v2\/pages\/13077\/revisions\/17284"}],"wp:attachment":[{"href":"https:\/\/www.bachletten-holbein.ch\/index.php?rest_route=%2Fwp%2Fv2%2Fmedia&parent=13077"}],"curies":[{"name":"wp","href":"https:\/\/api.w.org\/{rel}","templated":true}]}}