{"id":12070,"date":"2019-02-23T16:35:13","date_gmt":"2019-02-23T16:35:13","guid":{"rendered":"https:\/\/www.bachletten-holbein.ch\/neu\/?page_id=12070"},"modified":"2026-03-11T10:44:30","modified_gmt":"2026-03-11T09:44:30","slug":"ziele-und-mitgliedschaft","status":"publish","type":"page","link":"https:\/\/www.bachletten-holbein.ch\/?page_id=12070","title":{"rendered":"Ziele und Mitgliedschaft"},"content":{"rendered":"<div class=\"wpb-content-wrapper\"><p>[vc_row][vc_column][vc_column_text css=&#8220;.vc_custom_1773222256921{background-color: #ededed !important;}&#8220;]<\/p>\r\n<h1>Was bedeutet eine Mitgliedschaft?<\/h1>\r\n<p>Als Mitglied unterst\u00fctzen Sie aktiv und ideell die Ziele des NQVB-H.<\/p>\r\n<p>Als Mitglied haben Sie eine Ansprechperson f\u00fcr Ihre Anliegen im Quartier z.B. f\u00fcr Verbesserungsvorschl\u00e4ge bei Verkehrs- oder Gr\u00fcnbepflanzungsfragen.<\/p>\r\n<p>Als Mitglied k\u00f6nnen Sie in Interessensgruppen und bei Projekten im Quartier sowie im Vorstand mitwirken.<\/p>\r\n<p>Als Mitglied k\u00f6nnen Sie an Anl\u00e4ssen und F\u00fchrungen des NQVB-H teilnehmen, in der Regel kostenlos oder gegen einen Unkostenbeitrag.<\/p>\r\n<p>Als Mitglied werden Sie auf Anl\u00e4sse und Angebote des NQVB-H aufmerksam gemacht, auf Wunsch auch \u00fcber unseren Newsletter.<\/p>\r\n<p>Beitreten k\u00f6nnen Sie dem NQVB-H jederzeit als Einzelperson, als Familie oder als Firma.<\/p>\r\n<h3><strong>Jahresbeitrag:<\/strong><\/h3>\r\n<table border=\"0\">\r\n<tbody>\r\n<tr>\r\n<td>\r\n<p>Einzelperson<\/p>\r\n<p>Familie \/ Paare<\/p>\r\n<p>Firma<\/p>\r\n<\/td>\r\n<td>\r\n<p>Fr. 30.00<\/p>\r\n<p>Fr. 40.00<\/p>\r\n<p>Fr. 55.00<\/p>\r\n<\/td>\r\n<\/tr>\r\n<\/tbody>\r\n<\/table>\r\n\r\n<div>\u00a0<\/div>\r\n<h5 class=\"wp-block-file\">\u00a0<\/h5>\r\n<div>\u00a0<\/div>\r\n<h3><\/h3>\r\n<h2><strong>M\u00f6chten Sie Mitglied werden? <\/strong><\/h2>\r\n<p> <strong><span style=\"color: #99cc00;\">\n<div class=\"wpcf7 no-js\" id=\"wpcf7-f11649-o1\" lang=\"de-DE\" dir=\"ltr\" data-wpcf7-id=\"11649\">\n<div class=\"screen-reader-response\"><p role=\"status\" aria-live=\"polite\" aria-atomic=\"true\"><\/p> <ul><\/ul><\/div>\n<form action=\"\/index.php?rest_route=%2Fwp%2Fv2%2Fpages%2F12070#wpcf7-f11649-o1\" method=\"post\" class=\"wpcf7-form init\" aria-label=\"Kontaktformular\" novalidate=\"novalidate\" data-status=\"init\">\n<fieldset class=\"hidden-fields-container\"><input type=\"hidden\" name=\"_wpcf7\" value=\"11649\" \/><input type=\"hidden\" name=\"_wpcf7_version\" value=\"6.1.4\" \/><input type=\"hidden\" name=\"_wpcf7_locale\" value=\"de_DE\" \/><input type=\"hidden\" name=\"_wpcf7_unit_tag\" value=\"wpcf7-f11649-o1\" \/><input type=\"hidden\" name=\"_wpcf7_container_post\" value=\"0\" \/><input type=\"hidden\" name=\"_wpcf7_posted_data_hash\" value=\"\" \/><input type=\"hidden\" name=\"_wpcf7_recaptcha_response\" value=\"\" \/>\n<\/fieldset>\n<p><span id=\"wpcf7-69e736f51780d-wrapper\" class=\"wpcf7-form-control-wrap honeypot-369-wrap\" style=\"display:none !important; visibility:hidden !important;\"><label for=\"wpcf7-69e736f51780d-field\" class=\"hp-message\">Bitte lasse dieses Feld leer.<\/label><input id=\"wpcf7-69e736f51780d-field\"  class=\"wpcf7-form-control wpcf7-text\" type=\"text\" name=\"honeypot-369\" value=\"\" size=\"40\" tabindex=\"-1\" autocomplete=\"new-password\" \/><\/span>\n<\/p>\n<div class=\"row\">\n\t<div class=\"col-md-6\">\n\t\t<p><span class=\"wpcf7-form-control-wrap\" data-name=\"text-178\"><input size=\"40\" maxlength=\"400\" class=\"wpcf7-form-control wpcf7-text wpcf7-validates-as-required form-control\" aria-required=\"true\" aria-invalid=\"false\" placeholder=\"Name(n) *\" value=\"\" type=\"text\" name=\"text-178\" \/><\/span>\n\t\t<\/p>\n\t<\/div>\n\t<div class=\"col-md-6\">\n\t\t<p><span class=\"wpcf7-form-control-wrap\" data-name=\"text-121\"><input size=\"40\" maxlength=\"400\" class=\"wpcf7-form-control wpcf7-text form-control\" aria-invalid=\"false\" placeholder=\"Vorname(n) *\" value=\"\" type=\"text\" name=\"text-121\" \/><\/span>\n\t\t<\/p>\n\t<\/div>\n\t<div class=\"col-md-6\">\n\t\t<p><span class=\"wpcf7-form-control-wrap\" data-name=\"email-765\"><input size=\"40\" maxlength=\"400\" class=\"wpcf7-form-control wpcf7-email wpcf7-validates-as-required wpcf7-text wpcf7-validates-as-email form-control\" aria-required=\"true\" aria-invalid=\"false\" placeholder=\"Email *\" value=\"\" type=\"email\" name=\"email-765\" \/><\/span>\n\t\t<\/p>\n\t<\/div>\n\t<div class=\"col-md-6\">\n\t\t<p><span class=\"wpcf7-form-control-wrap\" data-name=\"tel-410\"><input size=\"40\" maxlength=\"400\" class=\"wpcf7-form-control wpcf7-tel wpcf7-text wpcf7-validates-as-tel form-control\" aria-invalid=\"false\" placeholder=\"Telefon\" value=\"\" type=\"tel\" name=\"tel-410\" \/><\/span>\n\t\t<\/p>\n\t<\/div>\n\t<div class=\"col-md-6\">\n\t\t<p><span class=\"wpcf7-form-control-wrap\" data-name=\"text-180\"><input size=\"40\" maxlength=\"400\" class=\"wpcf7-form-control wpcf7-text wpcf7-validates-as-required form-control\" aria-required=\"true\" aria-invalid=\"false\" placeholder=\"Strasse *\" value=\"\" type=\"text\" name=\"text-180\" \/><\/span><br \/>\nMitgliedkategorie*<br \/>\n<span class=\"wpcf7-form-control-wrap\" data-name=\"Mitgliederkategorie\"><select class=\"wpcf7-form-control wpcf7-select wpcf7-validates-as-required\" aria-required=\"true\" aria-invalid=\"false\" name=\"Mitgliederkategorie\"><option value=\"Einzelmitgliedschaft\">Einzelmitgliedschaft<\/option><option value=\"Familienmitgliedschaft\">Familienmitgliedschaft<\/option><option value=\"Paarmitgliedschaft\">Paarmitgliedschaft<\/option><option value=\"Firmenmitgliedschaft\">Firmenmitgliedschaft<\/option><\/select><\/span>\n\t\t<\/p>\n\t<\/div>\n\t<div class=\"col-md-6\">\n\t\t<p><span class=\"wpcf7-form-control-wrap\" data-name=\"text-181\"><input size=\"40\" maxlength=\"400\" class=\"wpcf7-form-control wpcf7-text wpcf7-validates-as-required form-control\" aria-required=\"true\" aria-invalid=\"false\" placeholder=\"PLZ\/Ort*\" value=\"\" type=\"text\" name=\"text-181\" \/><\/span>\n\t\t<\/p>\n\t<\/div>\n<\/div>\n<div class=\"row\">\n<\/div>\n<p><span class=\"wpcf7-form-control-wrap\" data-name=\"textarea-634\"><textarea cols=\"40\" rows=\"10\" maxlength=\"2000\" class=\"wpcf7-form-control wpcf7-textarea form-control\" aria-invalid=\"false\" placeholder=\"Nachricht\" name=\"textarea-634\"><\/textarea><\/span>\n<\/p>\n<p><!-- Mailchimp for WordPress v4.11.1 - https:\/\/www.mc4wp.com\/ --><input type=\"hidden\" name=\"_mc4wp_subscribe_contact-form-7\" value=\"0\" \/><span class=\"mc4wp-checkbox mc4wp-checkbox-contact-form-7 \"><label><input type=\"checkbox\" name=\"_mc4wp_subscribe_contact-form-7\" value=\"1\" checked=\"checked\"><span>Newsletter Anmelden<\/span><\/label><\/span><!-- \/ Mailchimp for WordPress -->\n<\/p>\n<p><input class=\"wpcf7-form-control wpcf7-submit has-spinner\" type=\"submit\" value=\"Senden\" \/>\n<\/p>\n<div class=\"wpcf7-response-output\" aria-hidden=\"true\"><\/div><p style=\"display: none !important;\" class=\"akismet-fields-container\" data-prefix=\"_wpcf7_ak_\"><label>&#916;<textarea name=\"_wpcf7_ak_hp_textarea\" cols=\"45\" rows=\"8\" maxlength=\"100\"><\/textarea><\/label><input type=\"hidden\" id=\"ak_js_1\" name=\"_wpcf7_ak_js\" value=\"54\"\/><script>document.getElementById( \"ak_js_1\" ).setAttribute( \"value\", ( new Date() ).getTime() );<\/script><\/p>\n<\/form>\n<\/div>\n<\/span><\/strong><\/p>\r\n<p><a href=\"https:\/\/www.bachletten-holbein.ch\/wp-content\/uploads\/2019\/02\/Werbe_Broschuere_NQVB-H_18.11-1.pdf\" target=\"_blank\" rel=\"noopener noreferrer\"><span style=\"color: #99cc00;\">Anmeldeformular PDF<\/span><\/a><\/p>\r\n<h1>Spenden<\/h1>\r\n<p><strong>Wir sind ein gemeinn\u00fctziger Verein, der sich allein \u00fcber die Mitgliederbeitr\u00e4ge und freiwillige Zuwendungen finanziert. Wenn Sie uns zus\u00e4tzlich zum Mitgliederbeitrag durch eine Spende unterst\u00fctzen wollen, sind wir Ihnen sehr dankbar.<br \/>Hier finden Sie hier unsere Kontoangaben:<\/strong><\/p>\r\n<p style=\"text-align: left;\"><span style=\"color: #ff6600;\"><strong>Spendenkonto<br \/>Postcheckkonto:\u00a0\u00a0\u00a0\u00a0 40-29996-7<br \/>Neutraler Quartierverein Bachletten-Holbein<br \/><\/strong><\/span><span style=\"color: #ff6600;\"><strong>4054 Basel<\/strong><\/span><br \/><span style=\"color: #ff6600;\"><strong>IBAN:\u00a0\u00a0\u00a0\u00a0\u00a0\u00a0\u00a0\u00a0\u00a0\u00a0\u00a0\u00a0\u00a0\u00a0\u00a0\u00a0\u00a0\u00a0\u00a0\u00a0 \u00a0\u00a0 \u00a0\u00a0 CH47 0900 0000 4002 9996 7<\/strong><\/span><\/p>\r\n<p>&nbsp;<\/p>\r\n<p>[\/vc_column_text][vc_column_text]<\/p>\r\n<h1>Ziele des NQVB-H<\/h1>\r\n<p>Der NQVB-H vertritt die Interessen des Quartiers<\/p>\r\n<p>Der NQVB-H ist Ansprechorgan f\u00fcr Quartierbewohnerinnen, Quartierbewohner, Interessensgruppen, kantonale Verwaltungen und das Stadtteilsekretariat Basel-West.<\/p>\r\n<p>Der NQVB-H setzt sich ein f\u00fcr Wohnqualit\u00e4t und Verkehrserschliessung.<\/p>\r\n<p>Der NQVB-H sorgt sich um die Wahrung des Quartiercharakters.<\/p>\r\n<p>Der NQVB-H f\u00f6rdert und pflegt Freundschaft und Geselligkeit unter den Quartierbewohnenden.<\/p>\r\n<p>Der NQVB-H arbeitet mit benachbarten Quartiervereinen und Koordinationsstellen zusammen.<\/p>\r\n<p>Der NQVB-H informiert seine Mitglieder via eigene Webseite, Newsletter und Facebook sowie mit regelm\u00e4ssigem Postversand.<\/p>\r\n<h4><a href=\"https:\/\/www.bachletten-holbein.ch\/wp-content\/uploads\/2019\/06\/Werbebrosch\u00fcre_NQVB-H_19.05.pdf\" target=\"_blank\" rel=\"noopener noreferrer\"><span style=\"color: #99cc00;\"><strong>Werbe-Brosch\u00fcre NQVB-H<\/strong><\/span><\/a><\/h4>\r\n<h4 class=\"wp-block-file\"><strong><a href=\"https:\/\/www.bachletten-holbein.ch\/wp-content\/uploads\/2022\/06\/Statuten-2022-06.pdf\" target=\"_blank\" rel=\"noopener noreferrer\"><span style=\"color: #99cc00;\">Statuten 2022 06<\/span><\/a><\/strong><\/h4>\r\n<p>[\/vc_column_text][vc_column_text]<\/p>\r\n<h1>Der NQVB-H vertritt die Anliegen des Quartiers in folgenden Gremien<\/h1>\r\n<p><strong>Stadtvorstand (Stavosta)<\/strong><\/p>\r\n<p>Ist die Konferenz der Pr\u00e4sidentinnen und Pr\u00e4sidenten der Neutralen Quartiervereine. Diese behandeln Themen, die alle Quartiere der Stadt betreffen (Richtplan des OeV-Rahmenprogramms, Osttangente, Verfassungsartikel \u00a755 zur Mitwirkung usw.).<\/p>\r\n<p><strong>Stadtteilsekretariat Basel-West (STS)<\/strong><\/p>\r\n<p>F\u00f6rdert als offizielle Schnittstelle zwischen Stadtteil und Verwaltung eine nachhaltige Entwicklung. Informiert \u00fcber anstehende Planungsvorhaben und Ver\u00e4nderungen im Wahlkreis Grossbasel-West, setzt sich ein f\u00fcr den Informationsaustausch zwischen den Mitgliedervereinen und vertritt quartier- und stadtteilbezogene Anliegen gegen\u00fcber der Verwaltung. Der NQVB-H ist mit zwei Delegierten vertreten.<\/p>\r\n<p><strong>Stiftung QuBa<\/strong><\/p>\r\n<p>Die Stiftung QuBa wurde errichtet, um das Haus an der Bachlettenstrasse 12 zu verwalten und zu unterhalten, dies in enger Zusammenarbeit mit Pro Infirmis. Die Stiftung verwaltet das Geld der Donatorinnen und Donatoren aus unserm Quartier und bem\u00fcht sich um weitere Geldgeberinnen und Geldgeber. Der NQVB-H gew\u00e4hrt der Stiftung ein Darlehen von Fr. 20\u2018000 und ist auch im Stiftungsrat vertreten.<\/p>\r\n<p><strong>Verein JuAr, Jugendarbeit Basel-West<\/strong><\/p>\r\n<p>JuAr Basel versteht sich seit \u00fcber 70 Jahren als Stimme der Basler Jugend. JuAr ist die gr\u00f6sste und wichtigste Organisation der offenen Jugendarbeit in Basel. Mit insgesamt 16 operativen Einheiten erreicht die Organisation durch ihre Angebote statistisch gesehen alle Basler Kinder und Jugendlichen. JuAr Basel ist ein gemeinn\u00fctziger Verein. Der gr\u00f6sste Geldgeber von JuAr Basel ist das Erziehungsdepartement der Stadt Basel, dazu kommen Beitr\u00e4ge von verschiedenen Stiftungen und privaten G\u00f6nnerinnen und G\u00f6nnern.<\/p>\r\n<p>[\/vc_column_text][\/vc_column][\/vc_row]<\/p><\/div>","protected":false},"excerpt":{"rendered":"<p>[vc_row][vc_column][vc_column_text css=&#8220;.vc_custom_1773222256921{background-color: #ededed !important;}&#8220;] Was bedeutet eine Mitgliedschaft? Als Mitglied unterst\u00fctzen Sie aktiv und ideell die Ziele des NQVB-H. Als Mitglied haben Sie eine Ansprechperson f\u00fcr Ihre Anliegen im Quartier z.B. f\u00fcr Verbesserungsvorschl\u00e4ge bei Verkehrs- oder Gr\u00fcnbepflanzungsfragen. Als Mitglied k\u00f6nnen Sie in Interessensgruppen und bei Projekten im Quartier sowie im Vorstand mitwirken. Als Mitglied k\u00f6nnen Sie an Anl\u00e4ssen und F\u00fchrungen&#8230;<\/p>\n","protected":false},"author":2,"featured_media":0,"parent":0,"menu_order":0,"comment_status":"closed","ping_status":"closed","template":"","meta":{"footnotes":""},"class_list":["post-12070","page","type-page","status-publish","hentry"],"_links":{"self":[{"href":"https:\/\/www.bachletten-holbein.ch\/index.php?rest_route=\/wp\/v2\/pages\/12070","targetHints":{"allow":["GET"]}}],"collection":[{"href":"https:\/\/www.bachletten-holbein.ch\/index.php?rest_route=\/wp\/v2\/pages"}],"about":[{"href":"https:\/\/www.bachletten-holbein.ch\/index.php?rest_route=\/wp\/v2\/types\/page"}],"author":[{"embeddable":true,"href":"https:\/\/www.bachletten-holbein.ch\/index.php?rest_route=\/wp\/v2\/users\/2"}],"replies":[{"embeddable":true,"href":"https:\/\/www.bachletten-holbein.ch\/index.php?rest_route=%2Fwp%2Fv2%2Fcomments&post=12070"}],"version-history":[{"count":49,"href":"https:\/\/www.bachletten-holbein.ch\/index.php?rest_route=\/wp\/v2\/pages\/12070\/revisions"}],"predecessor-version":[{"id":12355,"href":"https:\/\/www.bachletten-holbein.ch\/index.php?rest_route=\/wp\/v2\/pages\/12070\/revisions\/12355"}],"wp:attachment":[{"href":"https:\/\/www.bachletten-holbein.ch\/index.php?rest_route=%2Fwp%2Fv2%2Fmedia&parent=12070"}],"curies":[{"name":"wp","href":"https:\/\/api.w.org\/{rel}","templated":true}]}}